) + -34 + 24?
28
(-17 - (2 - -39)) + 85
27
Calculate -21 + 6 - (2 - (19 - 10)).
-8
Evaluate 91 + 0 + -12 + 2 + -12 + -3 + 23.
89
Evaluate -31 - -67 - 44 - ((-6 - 0) + 56).
-58
What is the value of (-21 - -14) + 6 - (29 + -40)?
10
-3 + -25 - -172 - 114
30
Evaluate (-5 - (-6 + -9)) + -1205 + 1180.
-15
Calculate -9 - (4 + -14 + -21).
22
What is 10 - (104 - (210 - 209 - (-7 + -3)))?
-83
Evaluate -142 + (-77 - -96) - -228.
105
Evaluate (-16986 - -16998) + (0 + 0 + 1 - (7 - -4)).
2
What is the value of 1721 + -1826 + (0 - 1 - (-7 + -4))?
-95
-1 + -9 + 2 - -4 - (-4 + 8 + 35)
-43
Evaluate 43 + -64 + 94 + -74.
-1
What is -36 + 1 + -17 + (21 - 8)?
-39
15 + 1 + (-41 - -32 - 23) + 82
66
What is the value of -62 + -12 + 16 + (7 - -14)?
-37
Calculate (-1 - (7 - (55 + 17))) + (-1 - (0 - 2)).
65
4 + 14 + (-43 - (-10 + 0))
-15
Calculate -113 - ((-28 - 4 - -69) + -67).
-83
What is the value of ((-13 - 1) + 16 - -16) + -10?
8
What is the value of 23 + (-2 - (-50 - -20) - 12)?
39
(7 - 5) + (4 - (1 - 2 - (101 - 49)))
59
-100 + 23 + -8 + (42 - 42)
-85
(-15 - 9) + 45 + (46 - 12) - -19
74
What is the value of 13 + -50 - -21 - (14 + -7 + (-59 - -11))?
25
Evaluate 1 - (3 - ((19 - 117) + 24)).
-76
What is -4 + -9 + -3 + -3 + (22 - 36)?
-33
What is 11 + -24 + 7 + 1 + 17 + -129?
-117
Evaluate (19 + 0 - 1) + (-144 - -245 - 107).
12
Evaluate -12 + 3 + 2 + (-21 - -149) + -20.
101
Evaluate -15 - (-57 + 22 - -52).
-32
12 - (-35 + 36 + -16)
27
What is (7 - (26 + 36)) + 36?
-19
(-9 + -2 - (80 - (-10 - 4 - -15))) + 3
-87
71 + (-70 - -20 - 15)
6
Calculate -19 + (-136 - -73) + 3.
-79
Evaluate -8 + 29 + -4 - -19.
36
What is the value of (-59 + 67 - 36) + -10?
-38
What is the value of -12 + -6 + 12 + (-18 - -37) + 24?
37
What is -88 + 120 + -33 - (0 - 45)?
44
Calculate (130 - 129) + (2 - -67 - (-2 - 0)).
72
Evaluate (6 - -1 - (24 + -7)) + -18.
-28
23 + (-27 + -28 - -30) - -2
0
Calculate -13 - 58 - -55 - 44.
-60
Calculate (-16 - (4 + -19)) + 1 - (26 + -3).
-23
63 + (-18 - (-91 - -27)) + -26
83
45 + -18 + 0 + (-18 - 19 - -55)
45
What is the value of (16 + -2 - (121 + -92)) + 13?
-2
36 + (12 - (-1 + 27) - (-64 - -59))
27
Evaluate 24 + 25 + -2 + -18 + 6.
35
Evaluate 12 + (-7 + -11 - 2) - -20 - -57.
69
830 + -808 + (-7 + 1 + -4 - -1)
13
Calculate -42 - (67 - (-62 + 138)).
-33
What is 2 + 2 - 3 - (-58 + -31 - -17)?
73
Calculate 37 + -38 + (-55 - (1 + 4 - 4 - -6)).
-63
Evaluate -18 + 0 - (-29 - 0) - (5 + 0).
6
Evaluate 49 - (-115 - (34 - 188)).
10
Calculate -1 + (-91 + 106 + -21 - (-53 + 0)).
46
Calculate 30 - (13 - (-17 - -13) - 13).
26
What is 8 + (-2 - 1) + (43 - 39) + 9 + 1?
19
What is 2 - 61 - (-911 - -816)?
36
What is the value of 50 - 7 - (-12 - 0 - -37)?
18
Calculate -3 - (-121 - ((22 - 66) + 21)).
95
Evaluate 3 - -1 - -30 - -4 - (-2382 - -2390).
30
Evaluate (32 - (5 + -47 - -1)) + -5.
68
Calculate -59 - -31 - -95 - (-3 - 17) - -11.
98
What is -111 + 109 + 2 + -61?
-61
What is the value of 39 - 0 - (8 - -36 - 62)?
57
(-15 - -1) + (1848 - 1884)
-50
What is the value of (202 + -226 - (-1 + -13)) + -29?
-39
What is -8 + (51 - 0) + (-2 + -12 - (98 - 110))?
41
What is the value of 6 + (3 - (-2 - -1 - 8 - -7))?
11
Calculate -867 - -898 - (-3 - 28).
62
7 - (0 + 4 + -1 - (56 + -73 + 23))
10
16 + -31 + -23 + 20 + -12 + -1
-31
Evaluate (-7 - 22 - -50) + 5 + -17.
9
Evaluate -7 - (-91 + -40 + 99).
25
What is the value of (45 - ((5 - -2) + (23 - 32))) + -5 + 3?
45
Calculate 12 + -69 + 3 + (0 - (5 - 0)) + 0.
-59
Calculate 37 + 1 + (0 - -20) + (-35 - -16).
39
10 + (-1 - -2) + (37 - 30) + (-55 - 2)
-39
What is the value of 62 + (-9 - 7) - 4?
42
-1 + 0 + -2 + 11 + 6
14
What is 7 + 23 - (58 - (-58 - -150))?
64
Evaluate -6164 + 6087 + 1 + 48.
-28
Evaluate -119 + 10 - (-1168 - -1046).
13
Calculate (5 - 2 - 0 - -37) + -1077 + 1087.
50
Evaluate -26 + 22 + -9 - 36.
-49
What is (2 - 14) + (3594 + -3584 - (-2 + (46 - 1)))?
-45
-21 + (-21 + (14 - -20) - 24)
-32
Calculate 681 + -687 + (59 - (2 + 3)).
48
What is 12 - (30 - 12) - -37?
31
(-2 - (112 + -3)) + -3 + -3
-117
Evaluate (-36 + 17 - -13 - 4) + (1 - -8).
-1
-12 - 27 - ((-6 - 26) + 14)
-21
Calculate (10348 - 10330) + (2 - 1) + -66.
-47
26 + -4 + -45 + 81
58
(18 - 31 - (6 - -1)) + (22 - 17)
-15
What is the value of 287 + -319 - (-2 - 8 - (-1 - -3))?
-20
Calculate -1 - (-1 - (1 + -8)).
-7
Calculate -1 - (24 + -98 + -38 + 18).
93
Calculate (-6 - 4) + 25 + 12.
27
Evaluate (-2439 - -2453) + (1 - 64).
-49
Evaluate 82 + -8 + -31 - 0.
43
(-1 + 5 - 27) + (-182 - -168)
-37
(24 - (41 + -20) - -8) + 30
41
Evaluate 1 - 22 - -2 - (-4631 - -4650).
-38
What is -68 - (-120 - (-143 + 68))?
-23
Evaluate -4 - ((8 - 13 - (-5 - -6)) + -4).
6
What is 1 + -2 - -22 - (182 + 116 + -374)?
97
Evaluate 2 + 11 + (21 - 6 - 18).
10
What is the value of (-3 - 38) + (706 - 697)?
-32
-7 - (-1 - (-1 - -4) - (4 + 36) - -8)
29
Evaluate 32 - (109 + 8 - 35).
-50
What is the value of (0 - 1) + (-7 - (7 + -53 + 18)) + -21?
-1
Evaluate -1 + 3 + (7 - (-5 + 16)).
-2
9 + 20 + 0 + 218 + -179
68
What is the value of 36 + (-12 - (14 + -22) - -1)?
33
What is (-97 - -34) + 37 + 20 - -81?
75
What is the value of -6949 + 6892 - (-1 - -1 - -2)?
-59
1 + -7 - ((-34 - 1) + (-58 - -68))
19
What is -64 + (-4 - (-355 - -144))?
143
What is 18 + -58 + 59 + 38 + -7?
50
-1 + -83 - (962 + -1004 - (2 - 53))
-93
What is 31 + -13 - -1 - -27?
46
Evaluate (-3 - (23 + 2)) + -53 + 3 + 7.
-71
What is the value of 52 + (4 - 4 - -6) + 519 + -514?
63
What is 0 + -32 + (9 + -1 - 38) + 10?
-52
38 - 1 - (76 - 329 - -152)
138
Calculate 6331 + -6301 + (-2 - 55).
-27
Calculate 137 - ((92 - 69) + 51).
63
Evaluate (-2 + 5 - 3) + -1 - (-781 + 850).
-70
What is 19 + 0 + -178 + 172 - (11 - 27)?
29
What is (-19 - -6) + -74 + 65 + 62?
40
What is -8 + -1 + (4 - 3) + 0 + (-4 - -52)?
40
What is -1368 - -1221 - (4 - 79)?
-72
What is the value of -2167 - -2307 - (12 + 2 + (5 - (7 + -3)))?
125
Evaluate (-68 + -1 + 4 - -3) + (41 - (-24 - -60)).
-57
(3 - ((-7 - 0) + 17)) + -7 + 41
27
0 + 0 + 14 + -16 + 11 + -10 + -14
-15
What is the value of -104 - (68 + -67 - 96)?
-9
What is -22 + 8 + -17 - (-48 + 75)?
-58
What is -72 - -64 - (-5 - (8 + (-5 - -11) - -1))?
12
3 - (1 - 0) - 13 - (731 - 697)
-45
What is the value of -13 - (19 + -9 + 2 + -10 + 9 + 19)?
-43
Evaluate (14 - (0 - -2)) + -4 + (-3 + -3 - -12).
14
Calculate (-7 - (6 + -11 + 0)) + -11 - 60.
-73
What is the value of 26 + 10 + -38 + (26 - 26)?
-2
Calculate 4 + -1 + -293 + 374.
84
Evaluate -16 + 35 + (6 - -2).
27
What is the value of (4 + -9 - 1) + -4 + 12 - (-3 - -55)?
-50
Evaluate -1 + 4 + (38 + -47 - 61) + 1.
-66
Calculate (12 - (-74 - 2) - (-27 - -48)) + -13.
54
What is -162 - -221 - (-1 + 13) - (19 - 20)?
48
Calculate (-5 - ((-46 - (20 + -54)) + 0 + 1)) + -4.
2
What is (25 - 41) + 29 + -60?
-47
Calculate (-4 + -6 + 4 - 6) + -7 + 19.
0
-59 + (-49 - -16) + 38
-54
What is the value of 2 - (-9 + (12 - 45) + (4 - -10))?
30
What is the value of -113 + (-43 + -7 - -232)?
69
What is -7 - (-97 + 0 - (52 - 62 - 2))?
78
Calculate (1 + 5 - (7 + (-13 - 36)) - 8) + -11.
29
What is 13 + (27 - 24) + (-3 - 15) - -3?
1
Calculate ((19 - 28) + 16 - -18) + (-1 - -14).
38
What is the value of -106 - -71 - 14 - -13?
-36
What is -83 - (41 + -39 + -36)?
-49
Calculate 1 + -7 + (19 - (16 - 2 - 7) - 64).
-58
Calculate -10 - ((25 + 3 - 10) + -20).
-8
What is the value of -19 - (-16 + 9 + -26) - (2 - -4) - 105?
-97
Calculate 10 - 1 - -1 - (-170 + 131 + (2 - -86)).
-39
What is the value of 90 - 0 - (222 + -36)?
-96
-1 - ((-6 - -1) + (1 - -21) + -160 + 151)
-9
What is the value of -4 + -11 + (6 - (8 - -10)) + 91 + 6?
70
-14 - -5 - ((-7 - (-11 - -8 - 3)) + -7)
-1
What is the value of 38 + (5 - (27 - -32))?
-16
Evaluate (-42 - (-56 + 21 + -28)) + 3.
24
What is the value of (-1 + 42 - (-27 + (25 + 24 - 19))) + -7?
31
-15 + 64 + -60 - -119
108
-126 + (61 - 3) - 6
-74
Evaluate 41 - (2 + 7 + -17 + 10) - 3.
36
What is -8 - (-19 - -26) - -14 - 27?
-28
What is 1 + -5 + 68 + (-5 - (17 - (20 - 6)))?
56
Evaluate -9 - (10 - (-40 + -8 + 5 + -7 + -2)).
-71
Evaluate 30 + -16 - (81 + (-13 - 13)).
-41
75 + (386 - 461) - (0 - (-96 + -1))
-97
What is the value of 44 + 8 + -54 + -26 + 2 + 13?
-13
What is the value of (-18 - (-1 + (-16 - 7))) + (-31 - 1)?
-26
Calculate -22 - (-26 + 0 + -17).
21
What is the value of -142 + 164 - ((-9 - -7) +